 - 5 = 0. Let v be 0 + s + 12/3. Suppose -2*j + 22 = v. What are the prime factors of j?
2, 5
Let c(q) be the first derivative of -q**2/2 + 9*q - 2. What are the prime factors of c(6)?
3
Suppose -4*g - 4*q = 4 - 0, -3*g + 3*q + 9 = 0. Let v be (-364)/(-18) + (-2)/9. Let f = g + v. What are the prime factors of f?
3, 7
Suppose 3*l + 16 = 4*u - 19, l = 5*u - 30. Suppose -3*w = -6 - 3. Suppose 3*c - 39 = -u*b + 2*b, 2*c = -w*b + 38. List the prime factors of b.
2, 3
Suppose 0 = 3*c + 2*c - 10. List the prime factors of c.
2
Let b = 41 - -2. What are the prime factors of b?
43
Let n(g) = g**2 + g - 1. Suppose t + 0*t - 17 = 5*w, 3 = w + 3*t. Let m be 1*(5 - (w + 6)). What are the prime factors of n(m)?
5
Let t = -4 + 12. List the prime factors of t.
2
Suppose 0 = -a - 2*f - 2 + 1, 8 = -a + 5*f. List the prime factors of 0 + 44 - a - -1.
2, 3
Let v = 5 - -17. What are the prime factors of v?
2, 11
Let x = -76 - -111. What are the prime factors of x?
5, 7
Suppose -k + 4*n + 48 = -91, -2*k + 2*n = -296. List the prime factors of (-16)/(-20) - k/(-5).
31
Let c = 25 - 55. Let i = -10 - c. What are the prime factors of i?
2, 5
What are the prime factors of 110/7*(-6 + 13)?
2, 5, 11
Let f(b) be the third derivative of b**4/24 + 7*b**3/6 - 7*b**2. List the prime factors of f(-2).
5
Suppose -27 = 3*a - 3. Let i = a - -11. List the prime factors of i.
3
Let l = 1 - -4. What are the prime factors of l?
5
Let k(f) = -f**3 + 7*f**2 - f + 2. Let t be k(7). Let a = -3 - t. Suppose a*v + v = -4*j + 45, 43 = 4*j + 5*v. List the prime factors of j.
2, 3
Suppose -5*z = -3*z - 10. Suppose 0*f = f + a - 10, z*f - 5*a - 20 = 0. List the prime factors of f.
7
Let r(i) = -2*i + 6. Let u(m) = -m + 3. Let j(a) = -6*r(a) + 10*u(a). What are the prime factors of j(4)?
2
Suppose -3*g = g. Suppose -4*h - 2*x = -7*h + 37, -5*h + 49 = 3*x. Suppose 5*f - h - 29 = g. What are the prime factors of f?
2
Suppose -42 + 292 = 4*r + 2*t, 0 = 3*r - t - 185. List the prime factors of r.
2, 31
Suppose -62 + 20 = -3*j. List the prime factors of j.
2, 7
What are the prime factors of (3 - (6 + 1 + -3)) + 73?
2, 3
Let x(f) = f**3 + 7*f**2 - 5*f - 4. List the prime factors of x(-7).
31
Let h(q) be the third derivative of -q**6/120 - q**5/15 - q**4/8 + q**3/3 - 3*q**2. List the prime factors of h(-3).
2
Let y = -146 + 226. Suppose y = -3*r - 118. List the prime factors of 12/r - (-202)/22.
3
Suppose 5 = -0*y + y + c, 4*y = c + 25. Let t = y + -2. Let k = t - 1. List the prime factors of k.
3
Let t(p) = 9 - 5*p**2 - 13*p + 2*p + p**3 - 5*p**2. Let y be (-375)/(-35) - 2/(-7). List the prime factors of t(y).
3
Let p(f) = -17*f + 27. What are the prime factors of p(-10)?
197
Let q(k) = 2*k**3 + 10*k**2 - 21*k - 7. Let v(j) = j**3 + 5*j**2 - 11*j - 4. Let n(p) = 4*q(p) - 7*v(p). What are the prime factors of n(-6)?
2, 3
Suppose 0 = 3*q + 6 - 39. Let g = -4 + q. What are the prime factors of g?
7
Let s = -19 + 42. What are the prime factors of s?
23
Let t = -7 - -11. Let u = 12 - t. List the prime factors of u.
2
Let m = -17 + 28. Let r(b) = b**3 - 10*b**2 - 9*b - 10. What are the prime factors of r(m)?
2, 3
Let n(c) = 2*c - 6. Let k(f) = f**3 - f**2 + 2*f - 3. Suppose 2*g = -0*g + 4*b + 4, -5*b - 2 = -g. Let z be k(g). List the prime factors of n(z).
2
Let w(j) = -30*j - 4. What are the prime factors of w(-3)?
2, 43
Suppose -2*r = -4*t + 672, -4*r + 142 = 2*t - 194. List the prime factors of t.
2, 3, 7
Let s(m) = m**2 - 6. Let i = 1 - -3. List the prime factors of s(i).
2, 5
Let f(x) = x + 8. Let n be f(-6). Suppose -3*h + 47 = 2*h - 4*c, 26 = 2*h + n*c. What are the prime factors of h?
11
Let k be 6/2 + 2/(-2). Suppose 0 = -k*f + 5 + 3. What are the prime factors of f?
2
Let t(j) = -j**3 - 17*j**2 - 19*j - 18. List the prime factors of t(-16).
2, 3, 5
Let f = 2 + 4. Suppose -4*z + d + 4*d + 31 = 0, -2*d - f = 0. Suppose -6 = -z*r + 2. What are the prime factors of r?
2
What are the prime factors of (78/2)/(12/16)?
2, 13
Let r(i) = i**3 + 2*i**2 - 3*i + 2. Let q = 5 - 8. What are the prime factors of r(q)?
2
Suppose -162 = -3*i + 2*i. Suppose -5*r = 2*z - i, -r - 24 = -2*z - 66. List the prime factors of r.
2, 17
Suppose v - 48 = 5*v. Let l = v - -17. List the prime factors of l.
5
Let f(a) = a**3 + 4*a**2 - 4*a. List the prime factors of f(3).
3, 17
Let f(u) = u**3 + 11*u**2 - 3*u - 12. Let i be ((-11)/2)/(1/2). What are the prime factors of f(i)?
3, 7
Let o be ((-24)/14)/((-2)/(-14)). List the prime factors of (o/7)/((-4)/28).
2, 3
Let v be 2*2/(-4)*0. Suppose 5*m - 3*i - 10 = -8*i, -3*m - 2*i + 8 = v. What are the prime factors of m?
2
Let w = -8 + 22. List the prime factors of 10/(-15) - w/(-3).
2
Suppose -3*h + 8 = 2*i - 5, -5*i + 42 = -2*h. Suppose -i = -4*v, v + 18 = 3*f - 2*v. List the prime factors of f.
2
Suppose -30 = -n - 4*n. What are the prime factors of 2*(2 + n/3)?
2
Suppose 0 = 2*y - 14 - 56. List the prime factors of y/15 + (-2)/6.
2
Let b = -5 + 5. Suppose b = 3*k + k - 32. What are the prime factors of k?
2
Suppose -g = 3*g - 32. Suppose 5*u + 96 = g*u. List the prime factors of u.
2
Let k = -2 + 4. Suppose 0 = -2*y - b + k*b + 28, -12 = -3*b. What are the prime factors of y?
2
Let r = 27 - 13. Let d = r - 1. What are the prime factors of d?
13
Let l be -1 - -2 - (8 - 1). Let x(m) = m**3 + 5*m**2 - 6*m + 6. Let b be x(l). Let w = -3 + b. List the prime factors of w.
3
Suppose 3*i + 4*h - 193 = 0, -2*i + 0*i - 4*h + 126 = 0. Suppose -2*g = -5*j + i, 2*j = -4*g - 13 + 59. List the prime factors of j.
3, 5
Let l = 86 - 52. List the prime factors of l.
2, 17
Let w(m) = 30*m - 39. List the prime factors of w(10).
3, 29
Let b(s) = 0*s - 4*s - 19 + s + 23. Suppose -3*t - 12 = t. List the prime factors of b(t).
13
Suppose -r - 4 + 0 = h, -h - 4*r = 10. Let n be (5/(-3))/(h/(-6)). What are the prime factors of ((-3)/5)/(n/25)?
3
Let d be ((-8)/(-6))/(6/9). Suppose -3 = -d*w + w. List the prime factors of w.
3
Let f(h) = h**2 + 4*h + 3. Let u be f(-2). Let x be (-4 + -5)/(u + 0). Let w(y) = 2*y - 10. List the prime factors of w(x).
2
Suppose -1 = 5*f - 6. Suppose -2*x + 3*g + 4 = 0, 0 = 3*x - g + f - 7. Suppose -z - x*z + 13 = u, -4*u + 7 = -3*z. What are the prime factors of u?
2
Let s = 1248 - 881. What are the prime factors of s?
367
Let z be (-4)/(-32)*4*0. Let u(h) = -h**3 + 3*h**2 + h - 1. Let x be u(3). Let r = z + x. List the prime factors of r.
2
Let b(r) = r**3 + 13*r**2 + 13*r - 18. What are the prime factors of b(-11)?
3
Let z be 576/22 + (-2)/11. Suppose 9*c + 5 = 4*c - 4*h, -2*c + 4*h + z = 0. Let r = c + 0. What are the prime factors of r?
3
Suppose -3*h = 0, -4*h + 6*h = -d + 111. What are the prime factors of d?
3, 37
Suppose 0*n - 4*m = -3*n + 216, 4*n - 257 = -5*m. List the prime factors of n.
2, 17
Suppose 2*r + 1 = -15. Let p = 14 + r. Suppose 5*n = -p + 61. What are the prime factors of n?
11
Let p(v) = 0*v + v**3 + 6 - 1 + 6*v**2 + 0*v**3 - 4*v. What are the prime factors of p(-6)?
29
Suppose -3*y - 1 = -7. Suppose -z - 4*d = -16, -3*z = -7*z + y*d + 46. What are the prime factors of z?
2, 3
Let w(h) = -h**2 + 6*h - 5. Let z be w(5). Let g = 4 - z. Suppose 5 = d, -g*o - 6*d + 39 = -3*d. What are the prime factors of o?
2, 3
Let s = -6 + 6. What are the prime factors of 3 - (-1 + 0) - s?
2
Suppose v = z, 2*z - 15 = v - 2*v. Suppose -118 = -z*l + 7. List the prime factors of l.
5
Let m(t) = 38*t + 1. What are the prime factors of m(1)?
3, 13
Suppose -2*l - l + 17 = -2*r, -5 = 5*l + 5*r. Suppose -l*y + 3*h = -36, 3*y = -h - 11 + 47. List the prime factors of -4*((-27)/y)/1.
3
Suppose -o - 332 = -4*h, -2*h - 2*o + 5*o = -166. List the prime factors of h.
83
Let l(x) = -20*x + 7. What are the prime factors of l(-4)?
3, 29
Let k(s) = -s**3 + 12*s**2 + 2*s - 13. What are the prime factors of k(12)?
11
Let n = 28 + 24. List the prime factors of n.
2, 13
Let m be (-1)/((-1)/(-6)*-2). Suppose 0 = -0*r - m*r + 30. List the prime factors of r.
2, 5
Let h = 4 + 0. Suppose -y + 8 = n - 5, -h*y = n - 67. Suppose 5*v = 52 + y. List the prime factors of v.
2, 7
Let v = 5 - 3. Suppose 0*y + v*y = 0. Let c(h) = -h**2 + h + 6. What are the prime factors of c(y)?
2, 3
Suppose -8*r + 0*r = -1800. List the prime factors of r.
3, 5
Suppose 3*z + p - 296 = -0*p, -4*p + 302 = 3*z. Suppose